 of y?
4
Let j = -228 - -483. Let u = j + 6. What is the tens digit of u?
6
Let l = -3979 - -6997. Suppose -5*t + l = 898. Suppose -4*o = 3 + 1, t = 3*g - 4*o. What is the units digit of g?
0
Let w(r) = -2*r**2 - 11*r + 43. Let l be w(-8). Suppose 3*a - 666 = -l*f, -a + 3*f + 419 = a. What is the units digit of a?
7
Let s = 103617 + -38850. What is the ten thousands digit of s?
6
Let c(m) = 28*m**3 + m**2 - 2*m - 2. Let o be c(2). Suppose 21*f - 6676 + 313 = 0. Suppose -5*j + o = -f. What is the units digit of j?
5
Let n be 8/(-128)*-8 - 6/(-4). Suppose 0 = -i - 0*i + 2*r + 220, 0 = -r - n. What is the tens digit of i?
1
Let z(r) = 14*r**2 + 17*r + 238. What is the units digit of z(-9)?
9
Suppose -18436 = 118*t - 129*t. What is the hundreds digit of t?
6
Let o(t) = -t**2 + 5. Let k be o(0). Suppose -3*h = k*h - 96. Let c(s) = s**3 - 11*s**2 - 7*s + 18. What is the units digit of c(h)?
8
Let c(w) = -2*w - 27. Let v be c(-14). Let y be (-6)/(-1) - v - (-1 - -1). What is the units digit of y/(-2)*192/(-60)?
8
Let i = -10989 - -20803. What is the hundreds digit of i?
8
Let b = 4258 + -744. What is the units digit of b?
4
Let x(i) = 471*i**2 + 142*i - 8. What is the units digit of x(9)?
1
Suppose 0 = -o - 10*o + 165. Let t be (-18)/o*10/4 - -13. Let r = 36 + t. What is the units digit of r?
6
Suppose 2*j - u - 6 = -6*u, 26 = 4*j + 3*u. Suppose 203 = -j*p + 651. What is the units digit of p?
6
Let w = 6043 + -3804. What is the units digit of w?
9
Let v be (-70)/(-2) + 8 + -5. Suppose -42*f = -v*f - 20. Suppose -3*q + 0 - 14 = -4*k, 4*k - 10 = f*q. What is the units digit of q?
2
Suppose 8*l - 30*l + 169488 = -349756. What is the units digit of l?
2
Let u = 125 - 123. Let k be (1 - (-298)/(-4))*(-384)/144. Suppose -7*g - 4*a - k = -8*g, -2*g + u*a = -404. What is the hundreds digit of g?
2
Let d be -2 - ((0 - 6) + 3 - -4). Let g(u) = -u**2 + u + 1. Let w(i) = 4*i**2 + 4*i + 9. Let q(o) = d*g(o) + w(o). What is the tens digit of q(-3)?
6
Suppose n - 6 = -3*h, h - 2 = -0*h - n. Suppose -33*g + 10*g = 0. Suppose g = u + h*j - 278, -3*u + 453 = -j - 402. What is the hundreds digit of u?
2
Let l = -22 - -46. What is the hundreds digit of ((-534)/12)/((-6)/l)?
1
Suppose 0 = w - 5*i + 12, 2*w = -2*w - i + 15. Suppose -5*v - 4*c = -586 + 1613, -w*c = 9. Let j = 373 + v. What is the hundreds digit of j?
1
Suppose -3*j + g - 580 - 3496 = 0, 0 = -5*g - 5. Let v = -481 - j. What is the hundreds digit of v?
8
What is the hundreds digit of 117/78*1168/2?
8
Let r(g) = 27*g + 102. Let b be r(7). Let w = -9 + b. What is the hundreds digit of w?
2
Suppose 2*w - u - 9759 - 1073 = 0, -w + u + 5417 = 0. What is the tens digit of w?
1
Suppose -35784 - 71784 = -27*n. What is the thousands digit of n?
3
Suppose 2*j = -5*a + 14, 0*a + 2*a = -2*j + 8. Let y be 1/(2 - ((-2300)/(-285))/4). What is the units digit of (j + -1)/((-3)/y)?
9
Let w = 7953 + -4519. What is the hundreds digit of w?
4
Let f(n) be the second derivative of -n**5/20 + 9*n**4/4 - 6*n**3 - 19*n**2 + 26*n. What is the thousands digit of f(12)?
1
Let p = 6094 - -2251. What is the units digit of p?
5
Let y(n) = -17*n - 2. Let l(b) = 18*b + 1. Let j(s) = 3*l(s) + 4*y(s). Let d be j(-8). Suppose -4*o = -197 - d. What is the units digit of o?
6
Suppose 2*p = -9*p + 11583. Suppose -4*n + n = -p. What is the hundreds digit of n?
3
What is the thousands digit of (-20)/(-4) + (-3*1828)/(-4)?
1
Let b be (-6)/(-15) - (-15960)/100. Suppose 164*y = b*y + 804. What is the units digit of y?
1
Let f(v) = 2*v**2 - 63*v - 1350. What is the thousands digit of f(-25)?
1
Let a(s) = 38*s**2 + 652*s + 32. What is the thousands digit of a(-28)?
1
What is the ten thousands digit of 2/10*-4 - (33 - 1201351/95)?
1
Suppose 16*o - 808 - 131984 - 28504 = 0. What is the hundreds digit of o?
0
Suppose 309597 + 1139653 = 76*z + 79*z. What is the tens digit of z?
5
Let q(u) = 56*u + 16. Suppose 34 = 6*j - 14. What is the hundreds digit of q(j)?
4
Let h = 32113 + -15895. What is the thousands digit of h?
6
Let i be -24 + -12 - (1*-2 + -2). What is the units digit of (64/(-2))/(-3 - i/11)?
2
Let u = 672 + -648. What is the units digit of 24639/24 + 9/u?
7
Let v = 1734 + 2316. What is the thousands digit of v?
4
Suppose -b + 3*b = 3*b - 15961. What is the ten thousands digit of b?
1
Suppose -176148 = 17*m - 21*m + 4*q, -2*q = 2*m - 88074. What is the tens digit of m?
3
Let y(b) = -164*b + 176. Let o be y(-16). Let d = o + -1176. What is the hundreds digit of d?
6
Suppose 92*n + 96880 = 37*n + 1111740. What is the thousands digit of n?
8
Let k = -84 - -78. Let h be (-1)/((-2)/(-15)) + k/(-4). What is the tens digit of (1284/9)/(1 - (-2)/h)?
1
Suppose -7800 = -4*r - 4*y, -3*r + 3076 = -y - 2790. Let s = 3522 - r. What is the thousands digit of s?
1
Let c = -54 + 52. Let p be 2/((-4)/c) + 18/6. Suppose 0 = p*i + 8, -4*i - 56 - 75 = -x. What is the tens digit of x?
2
Let v(g) = -72*g**3 + 8*g**2 - 7*g - 5. Let i be v(-4). Suppose 46*a + i - 40547 = 0. What is the units digit of a?
8
Let d(z) = z**3 + 17*z**2 - 2*z - 19. Let j(w) = -6*w**2 + 2*w + 3. Let m be j(2). Let n be d(m). Suppose 114 = 3*t - n. What is the tens digit of t?
4
Let n = 155 - 150. Suppose x = 2*k + 3*x - 1802, n*k - 2*x = 4533. What is the tens digit of k?
0
Let y be (-1 + 153/3)/(-8 - -10). Suppose -20*o = -y*o + 1965. What is the hundreds digit of o?
3
Let w = -5983 - -10692. What is the units digit of w?
9
Let l(j) = 12 - j + 10 + 12 - 27. Let b be l(13). What is the units digit of (-6)/(-7)*(37 + 6 - b)?
2
Let n = 32 + -89. Let c = n + 23. Let v = 46 + c. What is the units digit of v?
2
Let w be (-4 + 0)*(-23)/((-161)/4620). Let j = -1403 - w. What is the units digit of j?
7
Suppose 0 = -5*k - 1647 - 2093. Let n = -396 - k. What is the units digit of n?
2
Let f be (-2717)/2*(-27 + -3 + 12). Suppose -f - 3482 = -37*p. What is the tens digit of p?
5
Let g be (-4800)/(-5)*(-2)/3. Let t = 1618 + g. Suppose t = 2*f + 4*f. What is the hundreds digit of f?
1
Let m(j) = -527*j + 9. Let x be m(1). Let k = 822 + x. What is the units digit of k?
4
Let f be -1*2*117/(-6). Let v = -11435 + 11486. Let c = v + f. What is the tens digit of c?
9
Suppose -85068 = -2*z - 4*q, 42422 = 4*z - 5*q - 127727. What is the units digit of z?
6
Suppose 2*f + 3942 = -4*f. Let w = 1115 + f. What is the units digit of w?
8
Suppose -432 = 5*i - 8*i. Let j = i - 140. Suppose -474 - 582 = -j*t. What is the hundreds digit of t?
2
Suppose -37*k + k = 7*k - 178192. What is the tens digit of k?
4
Suppose 14 = -60*k + 58*k. What is the tens digit of -4 - k - 538/(-1)?
4
Let l = 2032 + 20036. What is the ten thousands digit of l?
2
What is the units digit of ((-100)/30)/((-3)/10260 + 0)?
0
Let y = -11074 - -18821. What is the tens digit of y?
4
Let q(z) = 86*z + 101. Let v(n) = -28*n - 34. Let s(m) = -3*q(m) - 8*v(m). What is the hundreds digit of s(-10)?
3
Let k(x) = 17*x**2 - x. Let b be k(-1). Suppose -4*v + 60 = 12. What is the tens digit of 2/v + 1977/b?
1
Suppose 0 = m - 0*m + 4. Let r = 6 + m. Suppose 4 = -r*t + 4*t - 2*v, 3*t - 2*v - 9 = 0. What is the units digit of t?
5
Let p be 136*8/((-16)/4). What is the units digit of (-7140)/p*-7*32/(-6)?
0
Let q = 8743 - -38. What is the thousands digit of q?
8
Suppose 2*f = -5*w - 107, 2*f = 2*w - 4*w - 110. Let q be (-42)/(-8)*f/(-42). Suppose 6*m = q*m - 83. What is the tens digit of m?
8
Suppose 0 = 2*w - 8 + 24. Let q(b) = 231*b**2 + b - 9 - 223*b**2 - 9*b - 5*b - 4*b + b**3. What is the hundreds digit of q(w)?
1
Suppose 0 = 10*a + 5*a - 501375. Suppose 0*n - a = -5*n. Suppose -17*r + n = 2350. What is the hundreds digit of r?
2
Suppose 6*y - 192 = -6*y. Suppose -3*z = 2*a - 2 - 7, 4*z = -2*a + 4. What is the units digit of (-40)/y*a/(-15)?
2
Let y be 5 + -8 - -1*1. Let m be ((-12)/(-4))/((-3)/y). Suppose -4*i - 73 = -4*t + t, t = m*i + 21. What is the tens digit of t?
3
Let r(z) = 5*z**2 - 7*z - 4. Let d be r(2). Suppose -2*k + 7 + 1 = 0, 3*n - d*k = 49. Let y(p) = -p**2 + 20*p - 10. What is the units digit of y(n)?
9
Let v = 623 + -168. Suppose -441 = -2*k + v. What is the hundreds digit of k?
4
Let p(h) = -2254*h - 6320. What is the tens digit of p(-13)?
8
Let q = -154 + 381. Suppose 56 = -3*h + q. What is the units digit of h?
7
Let n be (19/(-4))/(15/(